inder when 573170 is divided by 906.
578
What is the remainder when 4569799 is divided by 2674?
2607
What is the remainder when 90477 is divided by 89670?
807
Calculate the remainder when 1770636 is divided by 987.
945
What is the remainder when 101610522 is divided by 50805260?
2
Calculate the remainder when 844172 is divided by 16.
12
What is the remainder when 1264174 is divided by 1930?
24
Calculate the remainder when 962943 is divided by 41857.
232
Calculate the remainder when 8252 is divided by 4305.
3947
What is the remainder when 92135 is divided by 695?
395
Calculate the remainder when 1590347 is divided by 548.
51
What is the remainder when 3057299 is divided by 299?
24
Calculate the remainder when 10312576 is divided by 2062510.
26
Calculate the remainder when 1940684 is divided by 155.
84
Calculate the remainder when 1462370 is divided by 60.
50
What is the remainder when 454902 is divided by 2878?
178
What is the remainder when 1626790 is divided by 1164?
682
Calculate the remainder when 21547 is divided by 6994.
565
Calculate the remainder when 1481776 is divided by 615.
241
What is the remainder when 914265 is divided by 10386?
297
What is the remainder when 12034442 is divided by 753?
749
What is the remainder when 1393367 is divided by 6?
5
Calculate the remainder when 8458875 is divided by 2800.
75
What is the remainder when 674127 is divided by 224652?
171
Calculate the remainder when 7685096 is divided by 85.
76
Calculate the remainder when 1248524 is divided by 24.
20
Calculate the remainder when 35716 is divided by 17240.
1236
Calculate the remainder when 101216 is divided by 1384.
184
Calculate the remainder when 76670999 is divided by 5003.
24
What is the remainder when 11378039 is divided by 326?
313
Calculate the remainder when 67139568 is divided by 67139568.
0
Calculate the remainder when 11530135 is divided by 277.
10
What is the remainder when 308306 is divided by 61397?
1321
What is the remainder when 66717119 is divided by 120?
119
Calculate the remainder when 451653 is divided by 3989.
896
What is the remainder when 16007783 is divided by 1316?
1275
What is the remainder when 2108389 is divided by 702796?
1
Calculate the remainder when 41398 is divided by 20472.
454
Calculate the remainder when 2836880 is divided by 118201.
56
What is the remainder when 57923898 is divided by 9696?
9690
Calculate the remainder when 906689 is divided by 147.
140
What is the remainder when 485446 is divided by 97069?
101
What is the remainder when 141890 is divided by 1948?
1634
What is the remainder when 1583911 is divided by 32998?
7
Calculate the remainder when 3095726 is divided by 38217.
149
What is the remainder when 546826078 is divided by 4560?
4558
Calculate the remainder when 194180 is divided by 3807.
23
What is the remainder when 34403410 is divided by 2282?
2260
Calculate the remainder when 36105189 is divided by 577.
568
Calculate the remainder when 1647072 is divided by 171.
0
Calculate the remainder when 3692131 is divided by 7975.
7681
Calculate the remainder when 431546 is divided by 215759.
28
What is the remainder when 21004 is divided by 328?
12
What is the remainder when 2910071 is divided by 363753?
47
What is the remainder when 24100218 is divided by 2506?
16
Calculate the remainder when 493432 is divided by 5363.
36
What is the remainder when 8589917 is divided by 380?
17
Calculate the remainder when 59744706 is divided by 1081.
1079
What is the remainder when 205720 is divided by 848?
504
What is the remainder when 76730776 is divided by 105?
31
What is the remainder when 1014576 is divided by 7628?
52
What is the remainder when 26134823 is divided by 9183?
5
What is the remainder when 1257474 is divided by 2609?
2545
What is the remainder when 2300117 is divided by 9?
5
What is the remainder when 320269 is divided by 159637?
995
Calculate the remainder when 206807 is divided by 676.
627
What is the remainder when 182008 is divided by 45459?
172
What is the remainder when 97942 is divided by 2575?
92
Calculate the remainder when 365693499 is divided by 314.
307
Calculate the remainder when 268617 is divided by 9943.
156
Calculate the remainder when 5333242 is divided by 1950.
1942
What is the remainder when 88066 is divided by 3254?
208
Calculate the remainder when 81704053 is divided by 169.
158
Calculate the remainder when 23636 is divided by 7093.
2357
What is the remainder when 4407972 is divided by 64?
36
What is the remainder when 2769088 is divided by 214?
142
What is the remainder when 745702 is divided by 41424?
70
Calculate the remainder when 141484306 is divided by 5240159.
13
Calculate the remainder when 1693042 is divided by 281.
17
What is the remainder when 12922306 is divided by 226707?
7
What is the remainder when 48689 is divided by 9711?
134
What is the remainder when 62630 is divided by 45?
35
What is the remainder when 81492222 is divided by 26710?
12
What is the remainder when 71099 is divided by 17705?
279
Calculate the remainder when 1845958 is divided by 70998.
10
What is the remainder when 769225 is divided by 128181?
139
What is the remainder when 37308 is divided by 18483?
342
What is the remainder when 69524 is divided by 221?
130
What is the remainder when 922123 is divided by 43896?
307
What is the remainder when 64131543 is divided by 546?
21
What is the remainder when 7488177 is divided by 45?
42
What is the remainder when 1289560 is divided by 28?
20
What is the remainder when 104281 is divided by 2425?
6
What is the remainder when 26922 is divided by 5334?
252
Calculate the remainder when 9155454 is divided by 128.
126
What is the remainder when 10959559 is divided by 10959543?
16
What is the remainder when 609033 is divided by 1530?
93
Calculate the remainder when 3443820 is divided by 9.
6
Calculate the remainder when 161642 is divided by 15691.
4732
What is the remainder when 15296 is divided by 232?
216
Calculate the remainder when 22440 is divided by 3953.
2675
Calculate the remainder when 5625259 is divided by 8549.
17
Calculate the remainder when 4689369 is divided by 75.
69
Calculate the remainder when 36274365 is divided by 498.
45
Calculate the remainder when 1685862 is divided by 861.
24
What is the remainder when 5615 is divided by 1121?
10
What is the remainder when 134897 is divided by 6132?
6125
What is the remainder when 37864 is divided by 282?
76
What is the remainder when 50881 is divided by 771?
766
What is the remainder when 627019552 is divided by 276?
268
Calculate the remainder when 9815892 is divided by 41.
0
Calculate the remainder when 43194555 is divided by 6940.
6935
What is the remainder when 4892435 is divided by 326161?
20
What is the remainder when 13963320 is divided by 39?
33
Calculate the remainder when 489517 is divided by 2575.
267
What is the remainder when 14261289 is divided by 1782656?
41
Calculate the remainder when 109013132 is divided by 605.
602
What is the remainder when 1050687 is divided by 160?
127
What is the remainder when 357351 is divided by 7147?
1
Calculate the remainder when 65398862 is divided by 125767.
22
Calculate the remainder when 8236488 is divided by 411824.
8
Calculate the remainder when 669545 is divided by 12873.
149
Calculate the remainder when 5199731 is divided by 27.
17
What is the remainder when 8731 is divided by 1434?
127
What is the remainder when 46298 is divided by 14507?
2777
Calculate the remainder when 55941 is divided by 12895.
4361
What is the remainder when 70343 is divided by 23429?
56
What is the remainder when 139931838 is divided by 12721074?
24
Calculate the remainder when 1427688 is divided by 1628.
1560
What is the remainder when 162639 is divided by 87?
36
What is the remainder when 205036 is divided by 204933?
103
What is the remainder when 8465 is divided by 130?
15
What is the remainder when 4851501 is divided by 117?
96
What is the remainder when 51854 is divided by 9873?
2489
Calculate the remainder when 129234759 is divided by 25846947.
24
What is the remainder when 4868997 is divided by 123?
42
Calculate the remainder when 3115553 is divided by 907.
8
Calculate the remainder when 5105985 is divided by 211.
207
Calculate the remainder when 17228327 is divided by 2221.
